(-1 - 2 - -5).
-14
Evaluate 7 - (30 + 12 + -16).
-19
-3 + 5 + (-18 - -4 - -7)
-5
What is the value of 20 - (13 - 9) - 4?
12
Evaluate 9 + 21 + -16 + -4.
10
Evaluate 12 + (-3 - 1) - (25 + -25) - -8.
16
What is (19 - (-24 + 25 - (-4 - 0))) + -4?
10
Calculate -3 - 1 - ((-2 - (1 - 1)) + 1).
-3
-6 + 40 + (-21 - 3)
10
Calculate (13 - (-30 + 23)) + -10 + -2.
8
What is the value of 1 + (-10 - 2) + 9 + (-31 - -2)?
-31
Evaluate -423 + 391 + 3 + 1.
-28
Calculate (41 - 18 - 10) + -12.
1
(-3 + 1 - 3 - (-6 + 5)) + -7
-11
2 + (8 - 8) + 8 + -3
7
Calculate (-55 - (-72 - -39)) + 27.
5
Calculate 4 - (17 - 17) - (-1 - 5 - 6).
16
19 + (-48 - (-32 - -16))
-13
26 + (14 - 24) + -9
7
What is the value of (-1 + -3 - -4) + 3 + -1 + 0?
2
What is the value of 7 - (-57 - (-37 - -8))?
35
What is the value of 20 - ((25 - 35) + 11)?
19
What is the value of (-1 - 3 - 3) + 21 - -2?
16
Evaluate 10 + -6 + (33 - 24).
13
What is -14 - (-9 + -1) - -22?
18
Evaluate (-7 - -15) + (11 - (6 - 1)) + -34.
-20
-12 - (-18 - -7 - (13 - 3))
9
-2 - (-4 - (6 + (6 + 0 - 18)))
-4
16 - (2 + -2 + 23)
-7
25 + 2 + (24 - 51 - -17)
17
Evaluate -29 + 4 - (-16 - -5).
-14
What is (-18 + 14 - 0) + -4 + 10?
2
-7 - 6 - (-36 + 33)
-10
7 - (33 - 23) - (-3 - 0)
0
Evaluate -7 + -2 + 0 + (7 - (2 - -5)).
-9
Evaluate (-8 - 1) + 6 + -21.
-24
Evaluate -36 - -43 - (1 + -4 + 3).
7
-12 + 24 + -14 + (-23 - -46)
21
What is 25 + -31 - (-11 - 4)?
9
What is the value of (1 + 9 - (15 - -13)) + -15?
-33
Calculate (-2 - 4) + (1 + -1 - -1).
-5
-2 + -25 - (5 - (8 - (-8 + 11)))
-27
Calculate -4 - -1 - 1 - (-12 - (-4 - 4)).
0
What is the value of 20 + 3 + (-27 - -19 - (7 + -6))?
14
-11 - -6 - 2 - ((-7 - -1) + 15)
-16
What is the value of 24 - 6 - (34 + -36)?
20
Evaluate -16 + (21 - 10) - 2.
-7
-3 - (-5 - -2) - (393 + -389)
-4
What is -1 + 3 - (8 + 4 + -11 - 5)?
6
What is -24 + (-4 - -2) + 18?
-8
Evaluate -7 + -9 + (1 - -17).
2
-9 + 12 + 1 - -4
8
Calculate -3 - -3 - 3 - (7 + (-3 - 8)).
1
What is the value of -19 + 54 + -5 + -18?
12
Calculate (-39 - (-40 + 17)) + 3 + (-3 - 5).
-21
What is -4 + 0 + (12 - (18 + 2))?
-12
Calculate 27 + -1 + -9 + (-2 - -4).
19
Evaluate 78 + -101 + 36 + -1.
12
What is the value of -5 - (-2 - -4) - (-3 + -20 + 8)?
8
What is the value of (-8 - -6) + 21 - ((-5 - -6) + 5)?
13
Evaluate 18 - 21 - (-4 - -7).
-6
What is (12 - 1 - (-35 + 54)) + 35 + 1?
28
Evaluate -18 - ((-242 - -255) + (0 - 3)).
-28
What is -1 - (-1 + -3) - (-9 + (29 - 26))?
9
What is the value of 11 - (15 - (-10 + 16))?
2
Calculate 13 - (-5 + 19 - 12) - -15.
26
What is the value of -12 - (12 + 4 + -28 - -4)?
-4
Evaluate 16 - (11 + -23) - 24.
4
Evaluate 3 + 22 - (34 + -43 + 16).
18
645 - 583 - (0 + 28)
34
Calculate 0 + 1 + 6 + -11 + -2 + -26.
-32
What is (4 - (-6 - -41)) + 25 - (1 - 1)?
-6
Calculate 13 - (10 + -6) - 7.
2
(6 - 3 - 15) + -8 + 7
-13
What is the value of 5 - ((1 - -5) + -13 + 9)?
3
What is -6 - (-2 + 1) - ((-16 - -7) + -5)?
9
Calculate (3 - 49 - (27 - 39)) + 13.
-21
(7 - -7 - -4) + 5 + -13
10
What is 385 + -371 + 1 + -1?
14
What is the value of 85 + -91 + (-26 - 1)?
-33
Calculate -2 + 1 + (3 - -19).
21
What is the value of 9 + (-1 + 2 - (56 + -12)) - -9?
-25
What is the value of 7 + (-7 - -43) - 15?
28
What is 16 - (9 - (-32 + 8))?
-17
Evaluate (1 - 0) + (82 - (63 + 29)).
-9
What is the value of -1 + -19 + (4 - -4) + -9 + 4?
-17
Evaluate -18 + -129 + 127 + -4 + -2 + 2.
-24
Evaluate -2 + -22 - (-272 - -235).
13
What is the value of (-6 - (-12 + -7)) + -8?
5
Evaluate -6 + 13 + -7 + -3 + 2.
-1
What is (1 - 7) + (2 - (8 + (-7 - -3)))?
-8
What is the value of (4 + 4 - 11) + -20?
-23
Calculate -31 + (3 - -5) + 4.
-19
What is (3 + -5 - 1) + (-4 - -1) - -20?
14
What is the value of (7 - 9 - 2) + 4 + 2 + -2?
0
12 - (-6 + 20) - (0 + -1 - 5)
4
What is the value of -7 - (-26 + -3 + 8 + -16)?
30
What is the value of -17 + 2 + 9 + (2 + -4 - -4)?
-4
(-1 + 6 - 1) + -12 - 8
-16
What is the value of (1 - 3) + (-14 - (-16 - -6))?
-6
What is 0 + (-28 - -29 - 28) + 1 + 6?
-20
0 + (19 + -24 - 5)
-10
Evaluate (-8 - -22 - 8) + -2 + (3 - -2).
9
10 + (-10 - (7 - 19) - 0)
12
What is the value of (11 - 4) + -29 + 24?
2
Calculate -7 + (-17 + 35 - 1 - 1).
9
Evaluate 24 + 9 + (-22 - 2).
9
What is the value of -5 + 1 - -2 - (-195 + 186)?
7
What is the value of -16 - -32 - 3 - (5 - 0)?
8
What is the value of -59 + (27 - 29 - -33)?
-28
What is the value of 1 - (14 + -13 - ((-2 - -2) + -8))?
-8
What is the value of -26 + -7 + 4 + 5 + -1 - -2?
-23
Calculate -15 + -54 + 20 + 21.
-28
What is (-48 - (-20 - -4)) + 15?
-17
Calculate 6 + (-13 - 4) - 7.
-18
Evaluate -9 + -1 + (8 - 5) + -1.
-8
Calculate (815 - 843) + (-1 - -11).
-18
What is the value of 5 - (-15 - -26 - -10)?
-16
-46 + -41 + 84 + (19 - (2 - 3))
17
What is 1 - (1 - (-8 - -18)) - 0?
10
What is the value of -3 - -3 - -8 - (27 + -18)?
-1
Evaluate 1 - 6 - (-7 + 5 + -3).
0
-8 - ((-6 - -12) + (-4 - 2))
-8
Calculate -11 + 3 + (-22 + 11 - -14).
-5
-3 + (-1 - -22 - 3) - -14
29
What is the value of -10 - (-3 - (41 + 2))?
36
-4 + 9 + (-2 - 7) - (-5 - -18)
-17
What is (5 - 4) + (9 + -6 - -3)?
7
What is the value of 43 + -23 + 3 + -7?
16
Calculate 10 + -25 - 3 - -3.
-15
Evaluate 33 + (2 - (-23 - -54)).
4
Evaluate -19 + (19 - 7) - (0 + -4).
-3
Calculate (-12 - (1 - -2)) + -38 + 53.
0
(11 + -3 + -28 - -9) + -4
-15
What is the value of 39 + -14 - (-42 - -73)?
-6
Evaluate -2158 - -2172 - (2 + -1 + 1).
12
Evaluate 4 + -6 + 0 + -1 + (2 - 8).
-9
11 - (2 + -1 + 5)
5
-3 - (11 + -2 - (-27 + 30))
-9
What is 6 - (41 - (15 + 2))?
-18
Evaluate 10 + -5 + -18 + 3 + -3.
-13
Calculate 1 + -6 + ((-6 - -7) + 2 - -2).
0
Calculate (0 - 13) + -97 + 106.
-4
What is the value of (-13 + -5 - -14) + -10 + 4?
-10
-14 - -6 - (-63 - -40)
15
What is the value of -4 - ((6 - 6) + 6 + (-5 - 0))?
-5
Calculate 10 - (-9 + 8) - -1 - 9.
3
Evaluate (-18 - -10 - -10) + -10 + 21.
13
What is (-4 - -8) + -1 + 5?
8
Calculate 10 + 0 - (-110 - -113).
7
What is the value of -16 + -1 - (6 + (2 - 17))?
-8
Evaluate 7 - (1 + -11 - -13).
4
Calculate (-57 - -5 - -8 - -14) + (3 - 1).
-28
What is the value of (-9 - (27 + -40)) + -12?
-8
Calculate (9 - ((-15 - -8) + 19)) + -11 + 1.
-13
Evaluate 1 + -1 + 1 + 3 + (-4 - -4).
4
What is the value of -4 + 2 + -33 + 46?
11
What is the value of (-10 + 13 - 23) + -18?
-38
What is the value of 6 + -1 + (-3 - (-27 + 18))?
11
What is the value of 11 + 0 - (6 - 1 - (-2 - -5))?
9
-1 + -3 + -2 + 6 - (31 - 51)
20
What is the value of 0 - (-8 + -1) - 9?
0
Evaluate 1 + 2 + 1 + -36 + (17 - -18).
3
What is 23 - -13 - (-49 + 64)?
21
What is 33 + (-23 - 69) + 22?
-37
Calculate 1 + (6 - -3) - (16 + (27 - 35)).
2
-11 + (1 - 0 - 1) + 527 + -507
9
Evaluate (26 - 14) + 0 + -3 - 6.
3
-31 + (29 - 0 - 22)
-24
Calculate -4 + -25 + (21 - -22).
14
Calculate -4 + -12 + 33 + -23.
-6
(9 + (3 - 7) - 1) + -2
2
Calculate -3 + 2 + 6 - 15.
-10
Evaluate 0 + -4 + (-3 - (-10 - -8) - -7).
2
What is 1 + -11 - (13 + -4) - -7?
-12
6 - (16 + -15 + (-7 - -14))
-2
What is the value of 17 + 9 + -6 + -1 + 0 + -7?
12
-6 + 3 + -4 - (15 - -3)
-25
6 + 9 + -26 - (8 + (0 - -4))
-23
(-1 + -4 + -2 - -6) + 5
4
What is the value of -13 + 16 + -17 + (-1 - -1)?
-14
What is the value of 6 + (6 - (-23 - -53))?
-18
What is the value of 36 - (-22 - -47 - 16)?
27
What is the value of 0 + 26 - (-715 + 729)?
12
What is the value of (41 + -6 - -22) + -22 + (-1 - 10)?
24
What is the value of -13 + (2 - 7 - -3) - (-6 + 10)?
-19
What is the value of 33 + 6 + -15 + (16 - 24)?
16
What is the value of -21 + (9 - -2) + (-25 + 5 - -5)?
-25
19 - ((37 - 19) + 18)
-17
Evaluate 10 - ((24 - 27) + (2 - -4)).
7
Calculate (364 - 341) + (-9 - 2).
12
-11 + (11 + -23 - 0) + 8
-15
Calculate (-7 + 39 - 49) + -12 + 1.
-28
What is the value of -9 + 2 - (90 + -95)?
-2
26 + 19 + -6 + -26 - 2
11
-55 + 54 + 1 + 6 + -6
0
What is 18 + (1 + 0 - 8) - 5?
6
-13 + (0 + 15 - 17)
-15
Evaluate 20 + -19 + 21 + 3.
25
What is the value of (20 - (-32 - -70)) + -6?
-24
What is -2 - (-1 + -3) - (1 - (-2 - 9))?
-10
Calculate -2 + (16 - 16) + -6 + 4.
-4
4 + -11 + (-1 - -16) + (-27 - -27)
8
-1 - (-12 + -8 + 15 + (-12 - -4))
12
Calculate 65 + -91 - (-38 - -1).
11
Calculate (34 - (-2 + -19)) + -33.
22
Calculate -8 + -1 + (-17 + 10 - -7) + -6.
-15
What is the value of (11 - -4) + -20 - 26 - (4 - 0)?
-35
What is 17 - (-21 + 30 - 9)?
17
Calculate 2